-2?
-12154
In base 6, what is 5 - 132?
-123
In base 11, what is 5 - -116?
120
In base 7, what is -222 - -12?
-210
In base 13, what is 4 - 870?
-869
In base 8, what is 52 - -22?
74
In base 15, what is 3 - b4b?
-b48
In base 15, what is -5 - -223?
21d
In base 7, what is 0 - -1206?
1206
In base 13, what is 56c4 + -5?
56bc
In base 8, what is 22121 + -3?
22116
In base 7, what is -4 + -146?
-153
In base 14, what is 75 - 5?
70
In base 5, what is -44 - -1021?
422
In base 5, what is -3 + 2?
-1
In base 7, what is 13 + -24?
-11
In base 14, what is 52 + -3?
4d
In base 11, what is 4 - -23?
27
In base 7, what is 363 - -56?
452
In base 10, what is 5 - -2566?
2571
In base 2, what is 11 - 10000010?
-1111111
In base 3, what is 12 + -1110?
-1021
In base 3, what is -201210 + 21?
-201112
In base 13, what is -2 - -c?
a
In base 13, what is -37 - -5?
-32
In base 14, what is -4c - 2?
-50
In base 14, what is 5 + 20?
25
In base 3, what is -201 - -11?
-120
In base 9, what is 44 - 520?
-465
In base 3, what is 120102222 - 0?
120102222
In base 12, what is a9 - 94?
15
In base 8, what is -77 - 256?
-355
In base 14, what is 128 - 3?
125
In base 15, what is 0 + 75?
75
In base 16, what is 97 + -4?
93
In base 8, what is -1 - -2222?
2221
In base 7, what is -1031 - -5?
-1023
In base 5, what is 40 + -43?
-3
In base 10, what is 2 - 73?
-71
In base 7, what is 2 + 525?
530
In base 9, what is 10 + -6?
3
In base 12, what is 28a + -7?
283
In base 14, what is 173 - 35?
13c
In base 9, what is 22 - 5?
16
In base 7, what is -334 + -11?
-345
In base 2, what is 1111 - -101100?
111011
In base 7, what is -14 - 52?
-66
In base 2, what is -1001011110 + 110?
-1001011000
In base 15, what is -21b + -5?
-221
In base 16, what is f + -9cd?
-9be
In base 10, what is 1865 + -2?
1863
In base 16, what is 44 - -1a?
5e
In base 6, what is -14220 + -4?
-14224
In base 14, what is 2 + 11?
13
In base 12, what is -5 - 6a?
-73
In base 8, what is 46 + 177?
245
In base 8, what is 37 - 10?
27
In base 12, what is 2 - -529?
52b
In base 6, what is 112 + 1?
113
In base 13, what is 1 + 5b?
5c
In base 10, what is -6 - -146?
140
In base 15, what is a + -24?
-19
In base 12, what is 4 - -b3?
b7
In base 3, what is -100 - -1220?
1120
In base 9, what is -5 + 6?
1
In base 6, what is 13 + -143?
-130
In base 13, what is -1 - -114?
113
In base 7, what is -3 - 4356?
-4362
In base 15, what is 5 - -bac?
bb2
In base 9, what is -12 + 80?
67
In base 16, what is e - -24d?
25b
In base 16, what is -5 - ba?
-bf
In base 5, what is 300 + -1?
244
In base 15, what is 1309 - 2?
1307
In base 12, what is b6 - -1?
b7
In base 5, what is 1101 - 2?
1044
In base 13, what is -2 - -4a?
48
In base 14, what is -24 + 0?
-24
In base 3, what is -200 + -211010?
-211210
In base 3, what is 11022002 + -11?
11021221
In base 16, what is -e - 8d?
-9b
In base 3, what is 2 - 22001?
-21222
In base 6, what is -2 - -1231?
1225
In base 3, what is 101112 - 2?
101110
In base 4, what is 23 + -133?
-110
In base 14, what is 669 + -5?
664
In base 9, what is 4 + 12?
16
In base 10, what is 171 + 41?
212
In base 4, what is 3 + -1210302?
-1210233
In base 4, what is -1313 + 11?
-1302
In base 4, what is 10 - -1121?
1131
In base 8, what is -2 - 6?
-10
In base 8, what is -114 + 253?
137
In base 2, what is 100 + -1000?
-100
In base 3, what is -12221021 + 2?
-12221012
In base 12, what is -32 - 4?
-36
In base 8, what is 2 - -127?
131
In base 10, what is -251 + -51?
-302
In base 8, what is -1 + -102?
-103
In base 6, what is -1004 - -10?
-554
In base 12, what is 8 + 92?
9a
In base 11, what is -18626 - 0?
-18626
In base 9, what is 1080 + 3?
1083
In base 5, what is 14 - 2?
12
In base 12, what is -3 + -611?
-614
In base 7, what is 5 - -24342?
24350
In base 14, what is -40 + -a3?
-103
In base 9, what is -6 - -67?
61
In base 3, what is -2 + -21222?
-22001
In base 9, what is 6 - -832?
838
In base 3, what is -102101 - -12?
-102012
In base 7, what is -2063 + 3?
-2060
In base 3, what is 1111 - -1012200?
1021011
In base 13, what is 111 - 5?
109
In base 13, what is -44 + -2?
-46
In base 8, what is -1 - 3?
-4
In base 5, what is -10 + 14224?
14214
In base 14, what is 5 - 1ad?
-1a8
In base 5, what is -3 + 101123?
101120
In base 12, what is 64 + -2a?
36
In base 4, what is -30 - -102?
12
In base 11, what is 5 - 281?
-277
In base 10, what is 5 + -73?
-68
In base 9, what is 3110 + -5?
3104
In base 3, what is -1002 - -100?
-202
In base 14, what is -28 - -5?
-23
In base 4, what is 13032 + -10?
13022
In base 12, what is -5b + -4?
-63
In base 13, what is 6 + -12a?
-124
In base 11, what is -2 - 4323?
-4325
In base 16, what is -26 - -18?
-e
In base 12, what is 5 + -a?
-5
In base 15, what is 2d + -2?
2b
In base 7, what is 245 - -3?
251
In base 6, what is -105 - -1442?
1333
In base 13, what is 5 + -236?
-231
In base 13, what is 2 + 4cb?
500
In base 6, what is 1303 + 11?
1314
In base 11, what is 15a + 2?
161
In base 16, what is -8 + 10?
8
In base 3, what is -11001 + -10010?
-21011
In base 13, what is 0 + 787?
787
In base 16, what is -3d29 - 2?
-3d2b
In base 8, what is 32040 + -1?
32037
In base 3, what is 1120200 + 21?
1120221
In base 7, what is -1462 - 5?
-1500
In base 8, what is 73 - -25?
120
In base 5, what is -1240 + 21?
-1214
In base 15, what is a3 - 1d?
85
In base 2, what is -1001 + -11011?
-100100
In base 11, what is -11 - 99?
-aa
In base 4, what is 0 - 222?
-222
In base 12, what is 209 - -3?
210
In base 11, what is 0 + 11?
11
In base 3, what is -1 - 12100010?
-12100011
In base 8, what is 16 - 15?
1
In base 10, what is 0 + -14?
-14
In base 9, what is 0 + -70?
-70
In base 15, what is 0 + 156?
156
In base 15, what is 81 + 2?
83
In base 10, what is -5 + -309?
-314
In base 4, what is -2 + 30102?
30100
In base 7, what is -2 + 2?
0
In base 10, what is -551 + 5?
-546
In base 12, what is -2 - -11ba?
11b8
In base 4, what is 21310 - 33?
21211
In base 12, what is 0 - 37?
-37
In base 8, what is 6 - 7?
-1
In base 3, what is 2 + 200202?
200211
In base 7, what is 200 + 0?
200
In base 6, what is 35 - 12?
23
In base 7, what is 4662 - -3?
4665
In base 12, what is 98 - 22?
76
In base 16, what is -138 - -5?
-133
In base 16, what is 710 + 8?
718
In base 8, what is -7 - -21?
12
In base 12, what is 56 + -6?
50
In base 2, what is 101 + -111110100?
-111101111
In base 13, what is 1 - -3c2?
3c3
In base 15, what is 3207 + 4?
320b
In base 15, what is 3 + -18?
-15
In base 12, what is 5 + 18?
21
In base 12, what is -31 + 119?
a8
In base 14, what is 1 + 26c?
26d
In base 11, what is 88 + -50?
38
In base 11, what is 2 - 489?
-487
In base 14, what is -1 - -4b?
4a
In base 14, what is 1 - -144?
145
In base 15, what is -4 + -615?
-619
In base 16, what is 8 - 20?
-18
In base 11, what is -205 - -1?
-204
In base 2, what is 1 + -101000?
-100111
In base 7, what is -631 - -1?
-630
In base 16, what is 5 - 18?
-13
In base 7, what is -32 - 141?
-203
In base 5, what is -1023 - -1?
-1022
In base 6, what is 10 - 150?
-140
In base 16, what is 8ff + -1?
8fe
In base 15, what is 4 - 1d?
-19
In base 11, what is 6 + 25?
30
In base 9, what is -52 - -3?
-48
In base 7, what is -21026 + 2?
-21024
In base 16, what is 19 - -2?
1b
In base 15, what is -9 + 1d?
14
In base 2, what is 0 - 100101010?
-100101010
In base 9, what is 10268 + 4?
10273
In base 2, what is -111001 + -11?
-111100
In base 6, what is 1314 + 3?
1321
In base 14, what is -16 + -b0?
-c6
In base 14, what is -4 + -5b?
-61
In base 8, what is -1240 + 5?
-1233
In base 5, what is 3 - 14342?
-14334
In base 4, what is -2 + 1022?
1020
In base 10, what is -5 + 35?
30
In base 13, what is -448 - 5?
-450
In base 12, what is 1 + -87?
-86
In base 12, what is 0 + 52?
52
In base 15, what is -4 - -75?
71
In base 14, what is -5 - 151?
-156
In base 4, what is -2111113 - 1?
-2111120
In base 11, what is 77 + 4?
80
In base 7, what is 0 - 203?
-203
In base 5, what is 1 - -1221?
1222
In base 2, what is 111011 + -101?
110110
In base 5, what is -124224 - 1?
-124230
In base 2, what is -101 - 1100101110110?
-1100101111011
In base 12, what is -52 + 0?
-52
In base 8, what is -137 + -114?
-253
In base 8, what is 42 + -31?
11
In base 10, what is -818 + -1?
-819
In base 11, what is -266 - 6?
-271
In base 7, what is -45 + -22?
-100
In base 6, what is -13 - -35?
22
In base 9, what is 36 - -23?
60
In base 4, what is 30 + 3?
33
In base 4, what is -